v - 4*f = -9*f + 17, f = 2*v - 2. Let t be -5*v/(-3) + 0. Suppose -5*a + t = 0, 4*a + 170 = 5*n - a. List the prime factors of n.
5, 7
Let z be (4 + 64)/4 + 0. Suppose -g - z + 23 = 0. List the prime factors of g.
2, 3
Let g = 51 + -51. Suppose -5*b + x = -621, -516 = -4*b - 4*x - g*x. List the prime factors of b.
5
What are the prime factors of (7 - (-2 - (-14)/1)) + 506?
3, 167
Suppose -2*s + 9*s + 7 = 0. Let d be (-22)/6*(-6)/s. Let u = d - -40. List the prime factors of u.
2, 3
Suppose -3*f - 16 = l, -l - l = -f + 32. List the prime factors of 8/2*(-20)/l.
5
Suppose 2*x - 7 = -33. Let o = 11 + x. List the prime factors of (-17)/o - 5/(-10).
3
Suppose -3*h + 8019 = 3*z, -11*z + 5*h - 10689 = -15*z. List the prime factors of z.
2, 3, 223
Let m(h) = 3*h**3 - 4*h**2 + 6*h - 3. List the prime factors of m(6).
3, 179
Suppose -j + 3*j = 5*f + 24, 2*j - 3*f = 16. What are the prime factors of 12/8 + 61/j?
2
Suppose -4*i + 0*i + 152 = 0. Let k = 20 + i. Let l = k - 19. What are the prime factors of l?
3, 13
Let w(t) = 3*t. Let o be ((-2)/(-6))/((-5)/45). Let p be w(o). Let z = p - -31. What are the prime factors of z?
2, 11
What are the prime factors of 4*(0 - -129 - -4)?
2, 7, 19
Suppose -5*u - 5 = 5. Let m be -1*(-25 - (u + 0)). Suppose -5*w - 4*t = -44 - m, -4*w = -t - 41. List the prime factors of w.
11
Suppose -4*n - n + 5 = 4*g, 0 = 3*n + 3*g. Let d be (-8 + n)/(-3*1). List the prime factors of -1*(-1 + (d - 40)).
2, 5
Suppose 0 = 4*n - 12 - 4. Suppose n*i = 3*y + 10, -4*y - 2*i + 7*i - 12 = 0. Suppose 3*r = -2*t + 86, y*r - 49 = -2*t + 7. What are the prime factors of r?
2, 3, 5
Suppose -3*n + 30 = 2*n. Suppose -n*p + 4*p - 4 = 0. What are the prime factors of (p - (-3 - 0)) + 3?
2
Let b be 21560/343 + (-2)/(-14). Let v be 4/(-14) + (-458)/14. Let o = b + v. What are the prime factors of o?
2, 3, 5
Let q(h) = 7*h + 11. Let x be q(-2). What are the prime factors of x + (3/(-1))/(-3) - -222?
2, 5, 11
Let j be (0 + -2)*2*-4. What are the prime factors of j - (-8 + 8 + -4)?
2, 5
Suppose -4*f = -10*f - 48. Let v(q) = q**3 + 7*q**2 - 11*q + 4. Let m be v(f). List the prime factors of (-3)/((-6)/m) + -2.
2, 3
Let p = -981 - -1700. What are the prime factors of p?
719
Suppose -203*t = -193*t - 420. What are the prime factors of t?
2, 3, 7
What are the prime factors of (998 - -1) + (-108 - -107)?
2, 499
Let l = 824 + -146. List the prime factors of l.
2, 3, 113
Let u(j) = -j**3 - 35*j**2 + 235*j - 16. List the prime factors of u(-43).
3, 173
Let p(z) = z**3 + 5*z**2 - 5. Let v(w) = w**3 + 3*w**2 - 2*w - 3. Let g be v(-3). Suppose -2*j = 11 - g. List the prime factors of p(j).
11
Let m be (-99)/(-11) - (-1 - -1). Let c(a) = a**2 - 3*a - 11. Let i be c(m). Suppose 3*w - i = 41. What are the prime factors of w?
2, 7
Let u(l) = l + 1. Let k(b) = -3*b. Let m(c) = -3*k(c) - 12*u(c). Let f be m(-5). Suppose 92 = 3*d + a, 2*a - 78 - 16 = -f*d. What are the prime factors of d?
2, 3, 5
Let c(t) = 3060*t**2 - 16*t. List the prime factors of c(-1).
2, 769
Suppose -26*n + 56576 + 73632 = 0. List the prime factors of n.
2, 313
Let w = -16 - -20. Suppose j + w*j - 108 = 3*s, 59 = 3*j + 4*s. List the prime factors of j.
3, 7
Suppose -4*y = -3*y - 5*o - 87, 4*y - 2*o - 348 = 0. List the prime factors of y.
3, 29
Let n(b) = -5*b**3 - b**2 + 1. Let g be ((-4)/8)/(2/(-16)). Suppose 13 = -g*l - l - 2*h, 3*l = 5*h + 17. What are the prime factors of n(l)?
5
Let i(m) = -m**3 - 11*m**2 + 181*m + 29. List the prime factors of i(-23).
2, 3, 41
Let a be 1 - ((0 - -2) + 2). Let y = a + 6. Suppose 0 = v + 5*w - 35, -5*v = -y*v + 4*w - 52. What are the prime factors of v?
2, 5
Let g(b) = -43*b + 852. List the prime factors of g(-63).
3, 1187
Let d(y) = -y**2 - 13*y + 14. Suppose s = 3 - 17. Let u be d(s). Suppose u = b + 5 - 27. List the prime factors of b.
2, 11
Let h = -29 + 36. Suppose 0 = h*m - 747 + 243. List the prime factors of m.
2, 3
What are the prime factors of (9 - 18) + 8 + (1532 - 2)?
11, 139
Suppose 0 = -5*r + 83 + 67. Let z = -90 + r. Let i = z - -117. What are the prime factors of i?
3, 19
Suppose -36*w + 41*w - 905 = 0. List the prime factors of (w + 2 + 1)*(-1)/(-2).
2, 23
Let m be 4/(-6) - 110/(-30). Let g(b) = -b**3 + 3*b**2 + 4*b - 2. Let w be g(m). Let v = 14 - w. What are the prime factors of v?
2
Let d(f) = -5*f**2 - 4*f + 8. Let l be d(-4). Let t = l + 28. What are the prime factors of (-114)/(-8) - (-7)/t?
2, 7
Suppose 0 = 4*a - 42 - 38. Let i be 50/a*36/10. Suppose 4*m - 105 = -i. What are the prime factors of m?
2, 3
Let m = 4 + -4. Suppose -b - 10*b + 2530 = m. List the prime factors of b.
2, 5, 23
Suppose 0 = -13*f + 10*f + 3. What are the prime factors of (8/24)/(f/204)?
2, 17
Let x be 1 + (-15)/5 - -55. Suppose -x = -4*c + 175. List the prime factors of c.
3, 19
Suppose -3*p = 5*b - 6475, 64*b = 5*p + 61*b - 10837. What are the prime factors of p?
5, 433
List the prime factors of 2371/5 - (-7 + (-252)/(-35)).
2, 3, 79
Let j = 17 + 1. Let i = -13 + j. Suppose 5*o - 109 = -4*b, 3*b + i*o - 79 + 1 = 0. List the prime factors of b.
31
Let d be 3 + -1 - 0 - -3. Suppose -22 = -d*b + 3*f, -2*b - 4*f + 15 = f. Suppose -3*u = 4*w - 2*w - 77, -b = -u. What are the prime factors of w?
31
Suppose -5*t + 5*h = h + 8, 2*t - 2*h + 4 = 0. Suppose 0 = m + 3*j - 15, t = 4*m + 2*j - 80 - 10. What are the prime factors of m?
2, 3
Let b(y) = y**3 + 7*y**2 - 8*y + 2. Let x be b(-8). Suppose 0*p - 202 = -x*p. What are the prime factors of p?
101
Suppose 0 = -3*k + 29 + 1279. Suppose -i + 56 = -q - 50, q = 4*i - k. List the prime factors of i.
2, 5, 11
Let z be 3 - (-3 - (-6)/3). Let s be (-2 + 10/z)*98. Let a = s + -18. What are the prime factors of a?
31
Let w = -22 + 18. Let t = w - -4. Suppose -3*y = -t*y - 120. What are the prime factors of y?
2, 5
Let x be 26/(-13) + (-2)/(-2) + 4. Suppose -r - x*r = o - 51, -2*r = -o + 69. What are the prime factors of o?
3, 7
Let h be 8/12 + 200/(-12). Let r = h + 19. Suppose 2*u - 135 = -r*u. What are the prime factors of u?
3
List the prime factors of (100/80 - 2/8)*2818.
2, 1409
Let p = -1467 - -2511. List the prime factors of p.
2, 3, 29
Let y = 3 + 2. List the prime factors of 417/5 + (-2)/y.
83
Let f be -2*(-2)/6*(3 - -3). Suppose 3*t - 86 = f*v, -3*t - 2*v + 1 + 55 = 0. List the prime factors of t.
2, 11
Let p(n) = -n**3 + 6*n**2 + n + 6. Suppose 10*d = 12*d + 2. Let h(x) = -7*x - 1. Let q be h(d). List the prime factors of p(q).
2, 3
Let v be 25/3*15/5. Let p = -2 - -2. Suppose p = -h + v. List the prime factors of h.
5
Suppose -9904 = -17*f + f. List the prime factors of f.
619
Suppose 5*z - 8 = -4*t, z + 1 - 3 = -t. Suppose m + 125 = t*m. Suppose -m = -2*r + 13. What are the prime factors of r?
3, 23
Suppose -3*j + 7 + 13 = -f, 0 = 5*j. Let x = f - -32. What are the prime factors of (-8)/x*19*-3?
2, 19
Let v(g) = 25*g**3 + g**2 + 6*g - 6. What are the prime factors of v(4)?
2, 19, 43
Let a be (3 - 2)*144 - -2. Let u = 460 - a. List the prime factors of u.
2, 157
Suppose 14*d + 4*m = 12*d + 2322, -5*d = -2*m - 5841. List the prime factors of d.
3, 389
Suppose c + 4*c + 40 = -5*j, -4*j - 32 = c. Let f = 74 - j. What are the prime factors of f?
2, 41
Let v(n) = 11*n**2 + 4*n - 12. Let u be v(7). What are the prime factors of 1/(((-10)/u)/(-2))?
3, 37
What are the prime factors of 6 - (-19152)/27 - (-1)/(-3)?
5, 11, 13
What are the prime factors of ((12 - -2) + -5)*(-42440)/(-60)?
2, 3, 1061
Suppose 2*k + 4 = -2*c + 32, -k + 14 = 4*c. Suppose -k - 16 = -5*z. Suppose 9 = 4*y - z*q + q, 33 = 4*y + 3*q. List the prime factors of y.
2, 3
Suppose -1 = -14*g + 13*g. List the prime factors of ((-44)/11)/(g/(-2)).
2
Suppose -2*d = -5*w - 244, -w + 230 = 2*d + w. List the prime factors of d.
3, 13
Suppose 0 = -4*k + 4*m + 216 + 128, -3*k + 254 = -m. Suppose -57 = -2*z + 51. Let v = k - z. List the prime factors of v.
2, 3, 5
Suppose -71*h + 73*h - 1530 = 0. List the prime factors of h.
3, 5, 17
Let t = 575 + -397. What are the prime factors of t?
2, 89
Suppose 4*d - 23 = 5*f - 5, -d - 6 = 4*f. Suppose -3*a + 2*j + 650 = 2*a, d*a - 4*j = 260. Suppose 4*y = -26 + a. What are the prime factors of y?
2, 13
Let w(z) = -7 + 1 + 2 - 15*z - 1. Suppose -7*y - 4 = -6*y. What are the prime factors of w(y)?
5, 11
Suppose -6*p = 10*p - 96. 